ommon divisor of v and w?
8
Suppose 4*x + 884 = 5*v - 853, -2*v + 868 = -2*x. Let t = x + 610. What is the greatest common divisor of t and 118?
59
Let l = -749 - -1178. Calculate the greatest common divisor of 33 and l.
33
Suppose 4*u - 2*u - 2 = -4*q, -3*q - 18 = -5*u. Suppose 3*t - 9 + u = 0. Let n = 9 + t. What is the greatest common factor of n and 22?
11
Let w(h) = -h**3 - h**2 + 31*h + 8. Let q be w(-7). Suppose v = 2 + 1. Suppose -v*k = a - 17 - 20, 1 = k. Calculate the highest common divisor of q and a.
17
Suppose -b = -4*t - 192, 24*b - 4*t - 388 = 22*b. What is the greatest common factor of b and 28?
28
Let i be ((-27)/(-2))/((-51)/(-952)). Calculate the greatest common factor of i and 112.
28
Suppose 0 = 4*y + r - 6*r + 5, -5*y - 3*r = -3. Suppose -v - 21 = -4*k, y = -4*k - 4*v - 4 - 0. Calculate the greatest common divisor of k and 44.
4
Let w be ((-57)/(-12))/(1/4). Suppose -1 = m - w. Calculate the highest common divisor of m and 27.
9
Suppose -50*b = -40*b - 180. What is the greatest common factor of b and 636?
6
Suppose z - 4*z = -6. Let i(q) = 10*q**2 + 0*q**3 + z*q - 5*q**3 + 4*q**3 - 11*q + 2. Let g be i(9). What is the highest common factor of g and 8?
2
Let h be 2868/7 - (168/98 - 2). What is the highest common divisor of 10 and h?
10
Suppose 0 = 3*i + g - 37, -62 = -3*i - 7*g + 11*g. Calculate the greatest common factor of i and 4.
2
Let q(m) = m**2 - 13*m + 20. Let k be q(11). Let b be (-6)/k - 0/4. What is the highest common divisor of 3 and b?
3
Suppose 0 = j + 4*d - 0*d - 172, -5*j + 5*d = -735. Suppose 2*y - 6 = y. Suppose -3*l = -y*l + 57. What is the highest common divisor of j and l?
19
Let j(m) = 7 + 18*m - 2 + 0 + 7 + 4*m**2. Let c be j(-6). What is the greatest common factor of 288 and c?
48
Let j = 2683 + -2431. Calculate the greatest common divisor of 63 and j.
63
Suppose 2*z + 2 = 0, 0*d - 2*z = 2*d - 126. What is the highest common divisor of d and 640?
64
Let y be (-1)/(2/(-10)) + (-45760)/(-880). Suppose 0 = -3*o - 5*k + 106 + 75, -3*k = 4*o - 234. What is the highest common factor of o and y?
57
Let h(u) = -7*u - 19. Let n be h(-3). Let x be (-3)/n + 0 + (-1052)/(-8). Calculate the highest common factor of x and 10.
10
Let y(f) = 7*f**2 + 13*f + 4. Let k be y(-2). What is the highest common factor of k and 6?
6
Let u be 4/2 - (-6)/3. Suppose u*f = f + 3. Let b be (-11 - 6)/(f/(-2)). Calculate the greatest common divisor of 51 and b.
17
Let v = -93 - -83. Let a be v/(-65) - 152/(-26). Calculate the highest common factor of a and 30.
6
Let j be 328 + 6 + 1 + 0 + -2. What is the highest common divisor of 185 and j?
37
Let f(z) = 6*z + 35. Let x(j) = j - 1. Let l(o) = f(o) - 4*x(o). Let n be l(0). What is the greatest common factor of n and 273?
39
Let y(j) be the third derivative of -19*j**4/24 - 2*j**3/3 + 14*j**2. Let a be y(-6). What is the highest common divisor of 22 and a?
22
Let x(a) = a + 14. Let l be x(-6). Calculate the highest common divisor of l and 16.
8
Let q = -114 + 127. Calculate the highest common divisor of q and 481.
13
Suppose -4*o = -2*r - 32, 5*r + 80 = -0*r + o. Let p = -5 - r. What is the greatest common factor of p and 209?
11
Let c = 487 + -362. Calculate the greatest common divisor of 10 and c.
5
Let i be (3/(-9))/(15/(-2430)). Let u be (-2679)/(-33) - (-6)/(-33). What is the greatest common divisor of u and i?
27
Let i(f) = 158*f**2 + 2. Let k be i(1). What is the highest common divisor of 24 and k?
8
Let z be (-8)/3*(-21)/(-7). Let g = z + 14. Let x = 30 + -6. What is the highest common divisor of x and g?
6
Suppose -3*q + 12 = -0*q. Suppose -q*v + 8 = -0. Let x be 1 + v + 21 + 0. Calculate the highest common divisor of x and 168.
24
Let z be -4*(-11 - 250/(-40)). Suppose 19 = -2*k + 3*k. What is the highest common divisor of k and z?
19
Let n(s) = s**2 + s. Let d be n(0). Suppose -2*b - 8 = d, -4*r - 56 = -b - 0. Let l be (0 - 3)/(r/650). What is the highest common factor of 13 and l?
13
Let k(z) = z**2 + 9. Let v be k(-6). Let p be (v/10)/(2/8). What is the highest common factor of 54 and p?
18
Let r = -10 + 12. Let y be (2 - r)/((-5)/5). Suppose y = -t + 158 + 13. Calculate the greatest common divisor of 19 and t.
19
Let s be (1 + 0)/((-3)/(-9)). Let t = -2 - -8. Suppose 5 = i - 4*z, 2*z + t = 5*i - 1. Calculate the greatest common divisor of s and i.
1
Let v(p) = 0 - 65*p - 14 + 63*p. Let h be v(-12). Calculate the greatest common factor of 45 and h.
5
Suppose -9*b + 590 = -40. Calculate the highest common divisor of b and 28.
14
Let m be 2/(-4) - 6/(-4). Suppose -4*y = -2*r - 2*r - 76, -43 = -2*y - 3*r. Let p be (-28)/(-49) + y/14. What is the greatest common factor of m and p?
1
Let z(n) = 5*n**2 - 14*n. Let p be z(4). What is the greatest common divisor of 20 and p?
4
Let g = 166 - 86. What is the highest common divisor of 16 and g?
16
Let f(c) = 2*c**2 - c - 1. Let d be f(3). Let i be 581/336*4 - 1/(-12). What is the greatest common divisor of d and i?
7
Suppose o = -4*p + 3092, -3*o - 12311 = -7*o + 3*p. Calculate the greatest common factor of 14 and o.
14
Suppose -2*n + 4*h + 44 = -3*n, -3*n = 5*h + 118. Let o = 71 + n. Calculate the highest common divisor of o and 5.
5
Suppose -3*d - 408 = -3*r, 0 = -2*r + d + 120 + 156. What is the highest common factor of r and 160?
20
Let t(m) = m + 37. Let h be t(0). Let z = -17 + h. What is the greatest common divisor of 20 and z?
20
Let r be -4 - (1 + -2)*6. Suppose -3*n - 10 = -4*i, 5 + 7 = 2*n + r*i. Let l be (n/(-4))/((-1)/52). Calculate the greatest common factor of 234 and l.
26
Let b = 4 - 1. Let v be (-81)/2*(-4)/b. Suppose u - 132 - 3 = 0. Calculate the highest common divisor of u and v.
27
Suppose 5*d + 0*d + 1265 = 5*u, 1012 = 4*u + 3*d. What is the highest common factor of 22 and u?
11
Let f = 166 + -157. Calculate the highest common divisor of 39 and f.
3
Let g be 40 + -1 + 0 + 3. Suppose 0 = 6*w - 1 - 29. Suppose w*y = 2*u + 11, 0 = 5*u + 4*y + y - 60. What is the highest common factor of u and g?
7
Let a(s) = s**3 - 10*s**2 + 13*s - 8. Let k be a(9). Suppose 3*o - 47 = 1. Suppose 4*m = o + k. Calculate the highest common factor of 11 and m.
11
Let x = -151 + 304. Calculate the highest common divisor of x and 9.
9
Let b(z) = -16*z + 6*z + 3*z**2 - 9*z - 34 - 2*z**2. Let q be b(21). What is the greatest common factor of q and 72?
8
Let k be (-4888)/20*35/(-14). What is the greatest common divisor of k and 141?
47
Let g = 1550 - 1398. Calculate the greatest common factor of 80 and g.
8
Let p be (-2)/22 + (-995)/(-55). Let k be (-1 - -1) + (-6)/(-1). Calculate the highest common factor of p and k.
6
Let b(u) = -4*u - 3. Let y be b(-11). Suppose 2*q - 21 = -h, 2*q + 4*h = -h + y. What is the greatest common factor of q and 4?
4
Suppose -89 - 32 = -h. Suppose -5*t - 62 = 4*v, -t - v - 22 = 3*v. Let y(x) = -x**2 - 11*x + 1. Let i be y(t). Calculate the greatest common divisor of h and i.
11
Suppose 0 = -21*w + 131 + 58. Let b(t) = 12*t - 51. Let o be b(w). What is the greatest common factor of 38 and o?
19
Let b = 4 - 5. Let i = 17 - b. Let x(g) = 3*g**2 - 2*g + 126. Let n be x(0). What is the highest common divisor of n and i?
18
Let r(p) = 4*p**3 - 7*p**2 + 6*p + 2. Let j be r(2). Calculate the greatest common factor of j and 63.
9
Suppose -2*q = q - 15. Let p = q - -26. Let z = 45 - p. Calculate the highest common divisor of 21 and z.
7
Let t(h) = -h + 17. Let s = -2 + -5. Let g be t(s). Suppose -4*u + 89 = -55. What is the greatest common factor of u and g?
12
Let r be (-4)/(-4)*-27 + -3. Let y be 3/((r/25)/(-2)). Calculate the highest common divisor of y and 10.
5
Let y = 1618 + -843. Calculate the highest common divisor of y and 31.
31
Let o(i) = 4*i**2 - 24*i - 31. Let z be o(8). Calculate the highest common divisor of z and 528.
33
Suppose -m = 4*z - 431, 2*m - m - z - 456 = 0. Calculate the greatest common factor of 82 and m.
41
Suppose 0 - 9 = -3*b + 3*g, 0 = -3*b - g + 5. Suppose -6*q + b*q = -132. What is the greatest common factor of 22 and q?
11
Let c(z) = 3*z**2 - z + 2. Let x be c(1). Suppose x*n - 18 = 22. Calculate the greatest common divisor of n and 250.
10
Let w(x) = -10*x + 13. Let m(p) = 21*p - 27. Let k(o) = -3*m(o) - 7*w(o). Let q be k(4). Calculate the greatest common factor of 54 and q.
1